{"id":7985,"date":"2025-09-02T18:10:06","date_gmt":"2025-09-03T00:10:06","guid":{"rendered":"https:\/\/tlactlac.com\/jazz\/?page_id=7985"},"modified":"2025-10-08T15:24:19","modified_gmt":"2025-10-08T21:24:19","slug":"books-jazzamoart","status":"publish","type":"page","link":"https:\/\/jazzamoart.com\/2025\/books-jazzamoart\/","title":{"rendered":"Books-jazzamoart"},"content":{"rendered":"\t\t<div data-elementor-type=\"wp-page\" data-elementor-id=\"7985\" class=\"elementor elementor-7985\" data-elementor-post-type=\"page\">\n\t\t\t\t<div data-scroll-custom-offset=\"\" data-scroll-custom-duration=\"\" class=\"wolf-core-elementor-row wolf-core-font- elementor-element elementor-element-e3e5293 e-flex e-con-boxed e-con e-parent\" data-font-skin=\"\" data-color-tone=\"\" data-id=\"e3e5293\" data-element_type=\"container\" data-e-type=\"container\">\n\t\t\t\t\t<div class=\"e-con-inner\">\n\t\t\t\t<div class=\"elementor-element elementor-element-6752436 elementor-widget elementor-widget-spacer\" data-id=\"6752436\" data-element_type=\"widget\" data-e-type=\"widget\" data-widget_type=\"spacer.default\">\n\t\t\t\t<div class=\"elementor-widget-container\">\n\t\t\t\t\t\t\t<div class=\"elementor-spacer\">\n\t\t\t<div class=\"elementor-spacer-inner\"><\/div>\n\t\t<\/div>\n\t\t\t\t\t\t<\/div>\n\t\t\t\t<\/div>\n\t\t\t\t\t<\/div>\n\t\t\t\t<\/div>\n\t\t<div data-scroll-custom-offset=\"\" data-scroll-custom-duration=\"\" class=\"wolf-core-elementor-row wolf-core-font- elementor-element elementor-element-78d8596 e-con-full e-flex e-con e-parent\" data-font-skin=\"\" data-color-tone=\"\" data-id=\"78d8596\" data-element_type=\"container\" data-e-type=\"container\">\n\t\t\t\t<div class=\"elementor-element elementor-element-da0c35e elementor-widget elementor-widget-heading\" data-id=\"da0c35e\" data-element_type=\"widget\" data-e-type=\"widget\" data-widget_type=\"heading.default\">\n\t\t\t\t<div class=\"elementor-widget-container\">\n\t\t\t\t\t<h2 class=\"elementor-heading-title elementor-size-default\">Books and publications<\/h2>\t\t\t\t<\/div>\n\t\t\t\t<\/div>\n\t\t<div data-scroll-custom-offset=\"\" data-scroll-custom-duration=\"\" class=\"wolf-core-elementor-row wolf-core-font- elementor-element elementor-element-b96bcf3 e-flex e-con-boxed e-con e-child\" data-font-skin=\"\" data-color-tone=\"\" data-id=\"b96bcf3\" data-element_type=\"container\" data-e-type=\"container\">\n\t\t\t\t\t<div class=\"e-con-inner\">\n\t\t\t\t<div class=\"elementor-element elementor-element-956c732 elementor-widget elementor-widget-heading\" data-id=\"956c732\" data-element_type=\"widget\" data-e-type=\"widget\" data-widget_type=\"heading.default\">\n\t\t\t\t<div class=\"elementor-widget-container\">\n\t\t\t\t\t<h2 class=\"elementor-heading-title elementor-size-default\">The Painter's Solitude<\/h2>\t\t\t\t<\/div>\n\t\t\t\t<\/div>\n\t\t<div data-scroll-custom-offset=\"\" data-scroll-custom-duration=\"\" class=\"wolf-core-elementor-row wolf-core-font- elementor-element elementor-element-dee7925 e-grid e-con-full e-con e-child\" data-font-skin=\"\" data-color-tone=\"\" data-id=\"dee7925\" data-element_type=\"container\" data-e-type=\"container\">\n\t\t\t\t<div class=\" elementor-element elementor-element-b352ec3 elementor-widget elementor-widget-text-editor\" data-id=\"b352ec3\" data-element_type=\"widget\" data-e-type=\"widget\" data-widget_type=\"text-editor.default\">\n\t\t\t\t<div class=\"elementor-widget-container\">\n\t\t\t\t\t\t\t\t\t<p><strong>With dozens of national and international awards <\/strong>and considered by critics to be a versatile and prolific artist, Jazzamoart has presented his work in nearly 500 exhibitions in Mexico, the United States, Canada, Latin America, Europe, South Korea, and Japan.<\/p>\t\t\t\t\t\t\t\t<\/div>\n\t\t\t\t<\/div>\n\t\t\t\t<div class=\"yes elementor-element elementor-element-051af94 wolf-core-image-inline-display-yes elementor-widget elementor-widget-image\" data-id=\"051af94\" data-element_type=\"widget\" data-e-type=\"widget\" data-widget_type=\"image.default\">\n\t\t\t\t<div class=\"elementor-widget-container\">\n\t\t\t\t\t\t\t\t\t\t\t\t\t\t\t\t<a href=\"https:\/\/jazzamoart.com\/2025\/work\/the-painters-solitude\/\">\n\t\t\t\t\t\t\t<img fetchpriority=\"high\" decoding=\"async\" width=\"1000\" height=\"667\" src=\"https:\/\/jazzamoart.com\/2025\/wp-content\/uploads\/2025\/08\/la-soledad-del-pintor_jazzamoart-portada.jpg\" class=\"attachment-large size-large wp-image-7602\" alt=\"La soledad del pintor jazzamoart libro\" srcset=\"https:\/\/jazzamoart.com\/2025\/wp-content\/uploads\/2025\/08\/la-soledad-del-pintor_jazzamoart-portada.jpg 1000w, https:\/\/jazzamoart.com\/2025\/wp-content\/uploads\/2025\/08\/la-soledad-del-pintor_jazzamoart-portada-300x200.jpg 300w, https:\/\/jazzamoart.com\/2025\/wp-content\/uploads\/2025\/08\/la-soledad-del-pintor_jazzamoart-portada-768x512.jpg 768w, https:\/\/jazzamoart.com\/2025\/wp-content\/uploads\/2025\/08\/la-soledad-del-pintor_jazzamoart-portada-500x334.jpg 500w, https:\/\/jazzamoart.com\/2025\/wp-content\/uploads\/2025\/08\/la-soledad-del-pintor_jazzamoart-portada-550x367.jpg 550w, https:\/\/jazzamoart.com\/2025\/wp-content\/uploads\/2025\/08\/la-soledad-del-pintor_jazzamoart-portada-400x267.jpg 400w\" sizes=\"(max-width: 1000px) 100vw, 1000px\" \/>\t\t\t\t\t\t\t\t<\/a>\n\t\t\t\t\t\t\t\t\t\t\t\t\t\t\t<\/div>\n\t\t\t\t<\/div>\n\t\t\t\t<\/div>\n\t\t\t\t\t<\/div>\n\t\t\t\t<\/div>\n\t\t<div data-scroll-custom-offset=\"\" data-scroll-custom-duration=\"\" class=\"wolf-core-elementor-row wolf-core-font- elementor-element elementor-element-df1a8e5 e-flex e-con-boxed e-con e-child\" data-font-skin=\"\" data-color-tone=\"\" data-id=\"df1a8e5\" data-element_type=\"container\" data-e-type=\"container\">\n\t\t\t\t\t<div class=\"e-con-inner\">\n\t\t\t\t<div class=\"elementor-element elementor-element-3a13223 elementor-widget elementor-widget-heading\" data-id=\"3a13223\" data-element_type=\"widget\" data-e-type=\"widget\" data-widget_type=\"heading.default\">\n\t\t\t\t<div class=\"elementor-widget-container\">\n\t\t\t\t\t<h2 class=\"elementor-heading-title elementor-size-default\">Journey to the bottom of the painting<\/h2>\t\t\t\t<\/div>\n\t\t\t\t<\/div>\n\t\t<div data-scroll-custom-offset=\"\" data-scroll-custom-duration=\"\" class=\"wolf-core-elementor-row wolf-core-font- elementor-element elementor-element-882284d e-grid e-con-full e-con e-child\" data-font-skin=\"\" data-color-tone=\"\" data-id=\"882284d\" data-element_type=\"container\" data-e-type=\"container\">\n\t\t\t\t<div class=\" elementor-element elementor-element-1b9fc75 elementor-widget elementor-widget-text-editor\" data-id=\"1b9fc75\" data-element_type=\"widget\" data-e-type=\"widget\" data-widget_type=\"text-editor.default\">\n\t\t\t\t<div class=\"elementor-widget-container\">\n\t\t\t\t\t\t\t\t\t<p>It&#8217;s a deep dive into the creative mind of Francisco Javier V\u00e1zquez Estupi\u00f1\u00e1n, known worldwide as <b>Jazzamoart<\/b>. This Mexican visual artist, whose pseudonym merges the words &#8220;jazz,&#8221; &#8220;amor&#8221; (love), and &#8220;arte&#8221; (art), invites us to explore the synesthesia between music and painting, a concept that has defined his work since the 1970s.<\/p>\t\t\t\t\t\t\t\t<\/div>\n\t\t\t\t<\/div>\n\t\t\t\t<div class=\"yes elementor-element elementor-element-bf64c45 wolf-core-image-inline-display-yes elementor-widget elementor-widget-image\" data-id=\"bf64c45\" data-element_type=\"widget\" data-e-type=\"widget\" data-widget_type=\"image.default\">\n\t\t\t\t<div class=\"elementor-widget-container\">\n\t\t\t\t\t\t\t\t\t\t\t\t\t\t\t\t<a href=\"https:\/\/jazzamoart.com\/2025\/work\/journey-to-the-bottom-of-the-painting\/\">\n\t\t\t\t\t\t\t<img decoding=\"async\" width=\"1000\" height=\"667\" src=\"https:\/\/jazzamoart.com\/2025\/wp-content\/uploads\/2025\/08\/viaje-al-fondo-de-la-pintura-jazzamoart-portada.jpg\" class=\"attachment-large size-large wp-image-7605\" alt=\"Viaje al fondo de la pintura\" srcset=\"https:\/\/jazzamoart.com\/2025\/wp-content\/uploads\/2025\/08\/viaje-al-fondo-de-la-pintura-jazzamoart-portada.jpg 1000w, https:\/\/jazzamoart.com\/2025\/wp-content\/uploads\/2025\/08\/viaje-al-fondo-de-la-pintura-jazzamoart-portada-300x200.jpg 300w, https:\/\/jazzamoart.com\/2025\/wp-content\/uploads\/2025\/08\/viaje-al-fondo-de-la-pintura-jazzamoart-portada-768x512.jpg 768w, https:\/\/jazzamoart.com\/2025\/wp-content\/uploads\/2025\/08\/viaje-al-fondo-de-la-pintura-jazzamoart-portada-500x334.jpg 500w, https:\/\/jazzamoart.com\/2025\/wp-content\/uploads\/2025\/08\/viaje-al-fondo-de-la-pintura-jazzamoart-portada-550x367.jpg 550w, https:\/\/jazzamoart.com\/2025\/wp-content\/uploads\/2025\/08\/viaje-al-fondo-de-la-pintura-jazzamoart-portada-400x267.jpg 400w\" sizes=\"(max-width: 1000px) 100vw, 1000px\" \/>\t\t\t\t\t\t\t\t<\/a>\n\t\t\t\t\t\t\t\t\t\t\t\t\t\t\t<\/div>\n\t\t\t\t<\/div>\n\t\t\t\t<\/div>\n\t\t\t\t\t<\/div>\n\t\t\t\t<\/div>\n\t\t\t\t<\/div>\n\t\t\t\t<\/div>\n\t\t","protected":false},"excerpt":{"rendered":"<p>Books and publications The Painter&#8217;s Solitude With dozens of national and international awards and considered by critics to be a versatile and prolific artist, Jazzamoart has presented his work in nearly 500 exhibitions in Mexico, the United States, Canada, Latin America, Europe, South Korea, and Japan. Journey to the bottom of the painting It&#8217;s a&#8230;<\/p>\n<p><a rel=\"bookmark\" class=\"theme-button-primary wolf-core-button wolf-core-button-size-md\" href=\"https:\/\/jazzamoart.com\/2025\/books-jazzamoart\/\"><span>Continue reading<\/span><\/a><\/p>\n","protected":false},"author":1,"featured_media":0,"parent":0,"menu_order":0,"comment_status":"closed","ping_status":"closed","template":"","meta":{"_acf_changed":false,"_monsterinsights_skip_tracking":false,"_monsterinsights_sitenote_active":false,"_monsterinsights_sitenote_note":"","_monsterinsights_sitenote_category":0,"footnotes":""},"class_list":{"0":"post-7985","1":"page","2":"type-page","3":"status-publish","4":"hentry","5":"entry","6":"clearfix","7":"entry-grid","8":"entry-columns-default","9":"entry-page-module-layout-standard","10":"no-post-thumbnail","11":"entry-page","13":"entry-page-grid"},"acf":[],"aioseo_notices":[],"_links":{"self":[{"href":"https:\/\/jazzamoart.com\/2025\/wp-json\/wp\/v2\/pages\/7985","targetHints":{"allow":["GET"]}}],"collection":[{"href":"https:\/\/jazzamoart.com\/2025\/wp-json\/wp\/v2\/pages"}],"about":[{"href":"https:\/\/jazzamoart.com\/2025\/wp-json\/wp\/v2\/types\/page"}],"author":[{"embeddable":true,"href":"https:\/\/jazzamoart.com\/2025\/wp-json\/wp\/v2\/users\/1"}],"replies":[{"embeddable":true,"href":"https:\/\/jazzamoart.com\/2025\/wp-json\/wp\/v2\/comments?post=7985"}],"version-history":[{"count":25,"href":"https:\/\/jazzamoart.com\/2025\/wp-json\/wp\/v2\/pages\/7985\/revisions"}],"predecessor-version":[{"id":8824,"href":"https:\/\/jazzamoart.com\/2025\/wp-json\/wp\/v2\/pages\/7985\/revisions\/8824"}],"wp:attachment":[{"href":"https:\/\/jazzamoart.com\/2025\/wp-json\/wp\/v2\/media?parent=7985"}],"curies":[{"name":"wp","href":"https:\/\/api.w.org\/{rel}","templated":true}]}}